(a) = a**2 + 2*a + 1. What is o(h)?
1
Let z(r) = -1366*r + 4136*r - 5 + r**2 - 2773*r. Suppose -6 = -3*g, 8 - 1 = 3*x - 4*g. Give z(x).
5
Let t(w) = w**3 + w**2 + 8*w + 1. Let p(s) = -2*s**3 + 5*s**2 - 11*s - 3. Let r(z) = p(z) + t(z). What is r(0)?
-2
Suppose 3*q - 5*s - 3324 + 3337 = 0, 0 = -q - 4*s + 7. Let o(m) be the third derivative of m**4/8 + m**3/6 - m**2. Calculate o(q).
-2
Let r(h) be the third derivative of -h**5/60 + 35*h**3/6 - 11*h**2. Let a = 2535 - 2535. Calculate r(a).
35
Let k = -5905 - -5915. Let v(q) = -q - 1. Let i(x) = 3*x + 18. Let l(m) = i(m) + 4*v(m). Give l(k).
4
Let z(w) = -2*w**3 + w**2 - w + 3. Let n(g) = 11*g**3 + 4*g**2 + 15*g - 19. Let a(p) = -n(p) - 5*z(p). Calculate a(-7).
-24
Let n(p) = p**3 - 4*p**2 - 6*p + 7. Suppose -21*r = -20*r - 94. Let j = 54 - r. Let t = j - -45. Give n(t).
2
Let u(d) = -d**2 - 4*d + 4. Let n be u(-3). Let x be 8 - (n - (-12)/(-3)). Let q be (-416)/80 + 1/x. Let g(h) = h - 6. Give g(q).
-11
Let r(k) = -k**2 - k + 3. Let w(a) = -a**2 + 5*a + 1. Let d(t) = 2*r(t) - w(t). Let c(m) = m**2 - 8*m + 3. Let n be c(3). Let l = -19 - n. Give d(l).
5
Let t(r) = r**2 + 12*r - 13 - 21*r + 4*r. Give t(8).
11
Suppose -9*q + 120 = -31*q + 16*q. Let u(r) = r**3 + 21*r**2 + 20*r + 10. What is u(q)?
10
Let z(p) = -p**3 + 13*p**2 - 21*p - 15. Suppose -5*h = -g + 16, 39*g - 44*g + 52 = 3*h. Calculate z(g).
-4
Let b(r) = 15*r + 61*r**2 - 30*r**2 + 3 - 12*r - 34*r**2. Suppose 0 = 5*z + 3*p - 21, -7*p + 3*p + 18 = 5*z. Let f be (-3)/5*(-11 + z). Calculate b(f).
-15
Let o(y) = y**3 + 3*y**2 - 5*y - 3. Suppose -2*r - 6*r + 176 = 0. Suppose -5*w + 97 = -4*p, -2*w - r = p - 4*w. Let u = 24 + p. Calculate o(u).
1
Let l(q) = -q**3 - 616*q + 2*q**3 + 13*q**2 + 16 - 6*q**2 + 3*q**2 + 578*q. Calculate l(-13).
3
Let h(i) = -165*i**2 + 7*i - 6. Let t(v) = 551*v**2 - 23*v + 18. Let d(w) = 10*h(w) + 3*t(w). Determine d(2).
8
Let c(s) = -117 + 37 + 37 + 47. Let v(a) = 3*a**2 + 15*a - 16. Let p(d) = 5*c(d) + v(d). Calculate p(-5).
4
Suppose -412 = 2*l + 4*m, 3*l + 12*m = 16*m - 638. Let p be (3/(-4))/(l/96 + 2). Let k(y) = -7*y - 7. What is k(p)?
-35
Let o(f) = 2*f**2 + 6*f - 16. Let d be o(2). Let c(x) = 5*x - 2 - 3*x + d - x - 4. What is c(6)?
4
Let g be 0 + (4/(-2))/(-1). Let n(v) = 2*v - 4. Let h be n(g). Let b(d) be the first derivative of -d**3/3 - 15*d + 38. What is b(h)?
-15
Let s(p) = p**2 + 7*p - 2. Let l = -62 - -301. Let g = -245 + l. Give s(g).
-8
Let h(t) be the second derivative of 5*t**4/12 + 5*t**3/6 - 5*t**2 + 451*t. What is h(-3)?
20
Let t(g) = g**3 + 14*g**2 + 14*g - 2. Let y be (-16)/(-1) - (-45 - -74). Give t(y).
-15
Suppose 27*o + 19 = 38*o - 3. Let k(p) = 9*p - 12. Calculate k(o).
6
Suppose -3*l - 3*c = 2*l - 10, 4*l - 8 = 2*c. Let w(v) = 0 + 3*v**l - v + 4*v - 4. Let m(g) = -3*g**3 - 236*g**2 + 81*g + 155. Let q be m(-79). What is w(q)?
14
Let c be (2 + -2)/(-4 - -2). Suppose 5*d + r = -21, c = 3*d + r - 2*r + 19. Let o(a) = 388 - 193 + a + 0*a - 194. Calculate o(d).
-4
Suppose 4*z + 2*y - 7 + 1 = 0, 0 = 4*z - 2*y - 18. Let d(u) be the third derivative of -u**5/60 + u**4/8 - u**3/3 + u**2 + 15*u. Give d(z).
-2
Let u(j) = 2*j + 1. Let w = -186 - -188. Suppose -5*v - 16 = 4*i, i - w*v - 17 = 2*v. What is u(i)?
3
Let k(z) = z**3 - 9*z**2 - 8*z - 19. Let g be 4/(-3)*(-90)/12. Determine k(g).
1
Let s(t) = t**3 - 59*t**2 - 116*t - 366. Let u be s(61). Let m(j) = 4*j + 9. Calculate m(u).
9
Let n(x) = -3*x**2 + 5. Let m = 20 + -18. Let i be n(m). Let d(c) = -c**3 - 7*c**2 - c - 15. Let t be d(i). Let g(a) = -2*a - 11. Give g(t).
5
Let x(f) = -75*f**2 - 25*f. Let y(o) = 41*o**2 + 13*o. Let h(a) = -6*x(a) - 11*y(a). Determine h(9).
-18
Let i = 45 - 40. Suppose -i*n + 6 = -2*n. Let y(z) = 0*z**2 + 2 - 3*z**2 + 3*z**n + 2*z**2 + z. What is y(-2)?
8
Let k(b) = 8*b**3 + 6*b**2 - 5*b + 14. Let m(w) = -7*w**3 - 6*w**2 + 4*w - 13. Let u(y) = -6*k(y) - 7*m(y). Suppose 171 + 71 - 56 = -31*i. Calculate u(i).
-5
Suppose n - 2*c = 2, 7*c = 5*c. Let x(u) = -152*u**n + u**3 + 7 + 158*u**2 - 12. Give x(-6).
-5
Suppose -3*n = 5*f - 21, -10 = 2*n - 5*f + 1. Let g(d) = -4*d - 2*d - 9 + 11 + d**n + 10*d. Give g(-2).
-2
Let q(x) be the first derivative of 24*x**2 + 235*x - 9535. Give q(-5).
-5
Let l(c) = c**3 + 13*c**2 + 14*c + 18. Suppose 2*j - 2*k - 13 = -11, 0 = -4*j + 2*k + 12. Suppose -3*o = t - 3, -j*t + 4*o = 83 - 3. Determine l(t).
-6
Let c(g) be the third derivative of 1/15*g**5 + 0 + 1/8*g**4 + 2*g**2 + g**3 + 0*g - 1/120*g**6. Determine c(5).
-4
Let d(j) = 2*j**3 + 15*j**2 + 7*j + 8. Let s be d(-7). Let n(y) be the second derivative of 0*y**2 + 5/3*y**3 - 2*y + 33 - 1/12*y**4. What is n(s)?
16
Let k(s) = 44*s + 10. Let u(i) = -53*i - 9. Let o(t) = 6*k(t) + 5*u(t). Let b(h) = h**2 + 12*h - 1. Let j be b(-13). What is o(j)?
3
Let s(t) be the first derivative of -t**3 + 4*t**2 + 0*t + 51 + 2*t - 7*t + 2*t. What is s(5)?
-38
Suppose 12 = -6*t + 66. Let a(f) = 1 + t*f**3 - f**2 + 1 + 21*f + 2 - 3. Let r(u) = 5*u**3 + 11*u + 1. Let i(y) = -6*a(y) + 11*r(y). Calculate i(-7).
-9
Let i(r) = -r**2 - 3. Let d be i(8). Let h be (-1)/1*(26 + 41). Let t = h - d. Let y(z) = -z**3 + z + 4. What is y(t)?
4
Let x(a) be the second derivative of 5*a**3/2 - 24*a**2 + 6695*a. Calculate x(5).
27
Let c(y) be the first derivative of y**3/3 - 7*y**2 + 40*y + 12. Let t be c(9). Let x(p) = -p**2 - 7*p - 6. Determine x(t).
4
Let o(w) = -4*w**2 - 2*w + 2. Suppose -11*t + 112 = 5*t. Let k be (-1)/4 - t/4. Give o(k).
-10
Let c be (-48)/(-72)*-3*1. Let v(w) = w**2 - 5*w + 3. Let x be v(5). Let t(f) = 3*f**3 - 2*f**x - 18 + 2*f + 10 + 11. Determine t(c).
-9
Let z(s) = 5*s - 6. Let p be z(-4). Let f be p/(-10) - 62/(-155). Let m(q) be the second derivative of q**4/12 - q**3/2 - 2*q**2 - q. Determine m(f).
-4
Let d(z) = -7*z**2 + 14*z + 21. Let i(l) = -6*l**2 + 13*l + 16. Let n(h) = 5*d(h) - 6*i(h). Let w be n(2). Let u(v) = -v**3 - 2*v**2 + 4*v + 2. Give u(w).
-1
Let y(t) = t + 2*t - 4*t. Let f be (-120)/36*3 + 8. Determine y(f).
2
Let b be -251*38/(-14) + 2/(-7). Let h(q) = 1 + b*q - 1340*q + 675*q. Calculate h(1).
17
Let q(s) = -15*s + 96. Let j(l) = l - 6. Let x(p) = -33*j(p) - 2*q(p). Let w be 5*(-1 + (-4)/(-3))*-3. Calculate x(w).
21
Let n(q) = 47742*q + 47726*q + 3*q**2 - 8 - 95522*q. What is n(18)?
-8
Let z = -409 - -409. Let b(y) = 3*y + 8. Let a(t) = t + 1. Let k(n) = 6*a(n) - b(n). Let l be k(z). Let c(q) = -q**3 + 2*q + 1. What is c(l)?
5
Let g(i) = -39*i + 202. Let h(l) = -38*l + 205. Let t(j) = -5*g(j) + 6*h(j). Let n be t(7). Let q(f) = -2*f - 22. Calculate q(n).
0
Suppose t - 337 = -g, -3*t + 675 = 2*g - 0*g. Suppose -6*y + g = 2*y. Let v = y + -45. Let d(m) = -m**3 - 3*m**2 - 3*m - 2. Give d(v).
7
Let p(j) = 2*j**2 + 2*j + 2. Let z(n) = n**3 - 5*n**2 - 84*n + 4. Let r be z(12). Determine p(r).
42
Let w(t) = -t**2 + 6*t + 2. Let g = -569 - -570. Let s(x) = x**2 - 2*x - 4. Let a be s(4). Let o = g + a. What is w(o)?
7
Let n(q) = -q + 9. Suppose 1 + 12 = l + 2*y, 5*l + 4*y = 35. Suppose -21 = -3*t - p, -l*t = -2*p - 0*p - 30. Determine n(t).
1
Suppose 0 = -v + 3. Let f be (-23 - -22) + v + -2. Let k(z) = -z**3 - z**2 + z. Determine k(f).
0
Suppose 202*s = 84*s - 96*s - 67*s. Let a(y) = y**3 + y**2 - 151. Calculate a(s).
-151
Let m(c) = 2*c**2 + 24*c + 7. Suppose 0*f + 5*f = h - 67, -5*f + 8*h = 116. What is m(f)?
7
Suppose 0 = 2*v - 3*v - 6. Let h(k) be the third derivative of 5/24*k**4 - 13*k**2 + 0 - 1/3*k**3 + 0*k + 1/60*k**5. Give h(v).
4
Let x = -43 - -45. Let y be 15/9*1/(2/6). Suppose -5*s - x*u - 6 = 0, 0 = s + 3*s - y*u + 18. Let k(f) = -8*f - 1. Calculate k(s).
15
Let y(q) = q + 80. Let l = 285 - 311. Give y(l).
54
Suppose 162*c = 42*c - 184*c - 2736. Let n(d) = -d**3 - 10*d**2 - 6*d + 37. Give n(c).
10
Let s(g) = 7 - 27*g + 3 - 20*g + 42 - 12*g. Determine s(1).
-7
Let b(r) = 7*r**2 - 3*r + 115. Let d(p) = -6*p**2 - 110. Let a(x) = 8*b(x) + 9*d(x). Give a(-3).
20
Let a(d) = 56 + 2*d - 14 - 16 - 16. Determine a(4).
18
Let u(l) = 192*l - 151. Let g(y) = 161*y - 152. Let o(h) = 6*g(h) - 5*u(h). What is o(25)?
-7
Suppose -3*j + 257 = 2*j - 3*t, j + 3*t = 37. Let o = 1231 - 1281. Let s = o + j. Let u(n) = 3*n - 1. Give u(s).
-4
Let j(t) = -337397 - 337439 + 17*t + 674876 - 2*t**2. Calculate j(10).
10
Let r(g) = g**2 - 38*g + 10